ppose 24*y - 1054315 = -13*y. What is the tens digit of y?
9
Let q(t) = t**2 - 4*t + 45. Let r = -120 - -136. Let n be q(r). Suppose -4*s + 1025 = n. What is the tens digit of s?
9
Let r be 478 - ((-84)/35 + 4/10). Suppose r = 4*h + 2*k, -5*h - 2*k = 3*k - 590. Suppose -2*j - 400 = -3*a, j = -a - 4*j + h. What is the tens digit of a?
3
Suppose 0 = 12*v + 12933 - 47649. Suppose -3*i + y + v = 0, y + 43 - 4862 = -5*i. What is the units digit of i?
4
Suppose 10 = 5*r, 2091 = 2*s + 4*r - 1011. What is the hundreds digit of s?
5
Let b(k) = -2*k**2 + 25*k - 59. Let o(l) = 26*l - 58. Let c(m) = -4*b(m) + 5*o(m). What is the units digit of c(10)?
6
Suppose -2*q - 5*i - 46 = -2*i, 5*q + 2*i = -126. Let m = q + 183. What is the hundreds digit of m?
1
What is the units digit of ((-256)/(-24)*-1)/(30/(-252405))?
4
Suppose -5 - 7 = -2*f + 2*a, -f = 2*a + 3. Suppose f*r = 917 + 1795. What is the units digit of r?
4
Let g = -13 - -22. Suppose 2*b = -g*b - 22. What is the units digit of 6/2*(-4)/b*1?
6
Suppose 33 - 5 = -k. Let h = k - -41. Suppose 6*n - h*n = -812. What is the tens digit of n?
1
Let r = -1379 - -7283. What is the thousands digit of r?
5
Let i(a) = -2*a**3 + 32*a**2 - 108*a - 22. Let c be i(18). Let p = 4586 + c. What is the thousands digit of p?
1
What is the hundreds digit of -1*8 - (-23634)/(17 - 8)?
6
Let w = 13204 - 10797. What is the thousands digit of w?
2
What is the hundreds digit of -599 - -603 - 76219/(-1)?
2
Suppose 2*u = u - 4. Let x = 8 + u. Suppose 2*d = -f - 2*f + 202, 0 = -x*f - 2*d + 266. What is the tens digit of f?
6
Suppose 7761 - 162013 = -196*d. What is the units digit of d?
7
Suppose -483 = 15*p - 663. Suppose -x + 4*s = -34, -4*x + 74 + 62 = 4*s. Let z = x + p. What is the units digit of z?
6
Let q = -370 - -376. What is the hundreds digit of q + -6 + 1279 - -3?
2
Suppose 2*o = -2*s - 54, -4*s - 5*o = -60 + 163. Let c(u) = -u**2 - 42*u - 134. What is the units digit of c(s)?
6
Suppose -35*h = -32*h. Suppose 4*i + 1134 = 3*s - 565, 2*s - 2*i - 1134 = h. What is the hundreds digit of s?
5
Let q(o) = -11*o**2 - 45*o - 1. Let w(r) = r**3 - r**2 + r - 6. Let b(u) = -q(u) - w(u). Suppose 5*g - 42 = 2*g. What is the tens digit of b(g)?
3
Suppose 4*v + v = 10. Suppose -101 - 149 = -3*b - v*x, 2*b + 2*x - 166 = 0. What is the units digit of (-760)/(-14) - 24/b?
4
Let s(x) = 0*x**2 + 8*x**2 - 8 - 7*x**2 - 10*x + 0*x. Let l be s(8). Let d = l - -81. What is the units digit of d?
7
Suppose 22*a = 33*a - 286. Let u(t) = -2*t + 9. Let m be u(-11). Suppose m*x = a*x + 80. What is the tens digit of x?
1
Let y(g) = 92*g + 107. Let m(a) = 461*a + 535. Let p(q) = -2*m(q) + 11*y(q). What is the hundreds digit of p(7)?
7
Let u = -597 + 560. Let c be (-6)/(-15) + 16/10. Let k = c - u. What is the units digit of k?
9
Suppose 2*w - 9845 - 10452 = -o, -4*o + 3*w = -81265. What is the tens digit of o?
1
Let u(j) = 2*j - 6. Let t = -14 - -19. Let z be u(t). Suppose -r + 4*b - 1 = -26, 4*r - z*b - 52 = 0. What is the units digit of r?
9
What is the thousands digit of (-5 - -4)*(-9723)/7?
1
Suppose 25*z - 360 = 21*z. Let b = -22 - z. Let d = 349 + b. What is the hundreds digit of d?
2
Suppose 440*u = 42408304 - 8913304. What is the tens digit of u?
2
Suppose 5*b = 0, -4*d - 48 = b + 180. Let a = 783 + d. What is the tens digit of a?
2
Suppose -8 = -11*z + 25. Suppose f - 3*b - 176 - 205 = 0, -3*f - z*b + 1119 = 0. What is the units digit of f?
5
Suppose u - 11 = i, u + u + 2*i - 18 = 0. Suppose 3*w + 2*w - u = 0. Suppose -w*j + 558 = 3*j + p, 5*p - 348 = -3*j. What is the tens digit of j?
1
What is the units digit of ((-135)/25 + -1 - -6)*-10770 + -7?
1
What is the thousands digit of (-6)/27 + 5812192/1341?
4
Suppose 13*u - 488950 - 418195 = -60533. What is the tens digit of u?
2
Suppose 0 = -4*g + 5*z + 39278, 4*z = 1377*g - 1379*g + 19678. What is the hundreds digit of g?
8
Let o(v) = 94*v**3 + v**2 - 2*v. Let d(b) = b - 5. Let h be d(-13). Let k be (-1 + 6 - h/(-6)) + -1. What is the units digit of o(k)?
3
Let j(n) = -n**3 + 16*n**2 - n + 21. Let m be j(16). Suppose -p = 2*l + 231, -2*p + 3*l = m*l + 460. Let h = 374 + p. What is the units digit of h?
5
Let m(h) be the second derivative of -59*h**3/2 + 3*h**2 + 14*h. What is the units digit of m(-1)?
3
Suppose 5*b = 4 + 6. Suppose -b*o + 9 = h, 1 = -2*o + h - 0*h. Suppose 4*m = -o*u + 4, -u - 2*u - 8 = -m. What is the units digit of m?
2
Suppose -529*r - 79968 = -557*r. What is the units digit of r?
6
Let s(t) = 2*t**3 + 4*t**2 + 40*t + 20. Let l be s(8). Suppose -4*r + l = 4*b, 0 = -2*b - 2*r - r + 806. What is the hundreds digit of b?
4
Let v = 499 - 295. Suppose 0 = -p + 817 - v. What is the units digit of p?
3
Suppose 4*x + 4*b = 13437 + 44279, -b = -6*x + 86560. What is the hundreds digit of x?
4
What is the hundreds digit of 2 - (-2*3733 + (-180)/(-12) + -18)?
4
Suppose -17*d - 899 = -933. Let y(w) = -w**2 + 7*w - 6. Let o be y(6). Suppose o = -d*f - 4, 54 = -2*z - 4*f + 316. What is the units digit of z?
5
Suppose 3*m = -z + 12524, 5745 = 3*z - 5*m - 31855. What is the hundreds digit of z?
5
Let t be (-111)/(-18) - (-3 + 19/6). Let m = -30 - -21. What is the tens digit of t*(915/m)/(-5)?
2
What is the units digit of (-6 + (-60)/(-9))*(-13)/(104/(-640812))?
1
Suppose 138501 = 9*d - 52605. What is the units digit of d?
4
Let m(n) = 5*n**2 + 15*n + 17. Let o(k) = k - 18. Let s be o(25). Let q be m(s). Suppose 2*t = 5*d + q, 3*t - d = -3*d + 522. What is the tens digit of t?
7
Suppose 5*c + 0*c = -2*v + 213702, 128221 = 3*c + v. What is the tens digit of c?
4
Let o(r) = -r**3 + 3*r + 1754. Let w be o(0). Let i = w - 941. What is the units digit of i?
3
Suppose i + 3*a = 53, -8*a + 3*a = i - 61. Let d(m) = -m**2 + 8*m - 1. Let x be d(8). Let l = i + x. What is the tens digit of l?
4
Suppose -52*q + 192080 = -45716. What is the hundreds digit of q?
5
Let i(d) = -3*d + 19. Let q = 76 + -37. Let z = q - 42. What is the tens digit of i(z)?
2
Suppose -799364 = -31*c + 101062. What is the tens digit of c?
4
Let k be (230 - 3) + (2 - 2). Let b be (((-13)/2)/1)/(43/(-2236)). Let g = b - k. What is the tens digit of g?
1
Let q(r) = r**3 + 21*r**2 + 10*r - 6. Let m be q(-20). Let c(n) = 69*n**2 - 2*n + 2. Let a be c(2). Let z = a - m. What is the tens digit of z?
8
What is the units digit of 20746 - -34*(-17)/34?
9
Suppose 4*d - 13092 = 5*c, 9*d + 6546 = 11*d - 4*c. Suppose 7*t - 1060 = d. What is the tens digit of t?
1
Let f = 9199 - 3154. What is the thousands digit of f?
6
Let h = 53 + -48. Let n be h*(18/(-15))/(6/(-9)). Suppose -n*w + 1470 + 402 = 0. What is the units digit of w?
8
Let l be (6/15)/((-3)/15)*-2. What is the units digit of (1 - (-4 + l))*123?
3
Let m(w) = w**3 + 19*w**2 - 21*w - 18. Let t be m(-20). Suppose u + 155 = -0*u - 4*o, 4*o - 358 = t*u. Let h = 292 + u. What is the hundreds digit of h?
1
Suppose 46*m + 6799 = 33*m. What is the units digit of -1 + -2 - (m + -6)?
6
Let u(y) = 3231*y - 1507. What is the units digit of u(12)?
5
Let p(l) = -21*l. Let w be p(3). Let f = -58 - w. Suppose -3*m + 208 = f*d, -m + 5*d - 360 = -6*m. What is the units digit of m?
6
Suppose 0 = 26*x - 30*x + 40. Suppose 2*z + 0 = x. Suppose -5*r - 5*l = -0*l - 750, -756 = -z*r - 3*l. What is the hundreds digit of r?
1
Let k(w) = 5*w**2 - w + 29. Let f(q) be the second derivative of -q**4/12 + q**3/6 + 16*q. Let m(c) = -6*f(c) - k(c). What is the units digit of m(14)?
7
Let f be 16/(-56)*-27 - (-4)/14. What is the tens digit of (-3)/(-4) - ((-1386)/f + 4)?
7
Let w(c) = 463*c**2 + 274*c + 2180. What is the units digit of w(-8)?
0
Suppose -4*k - 1813 = r, -3*r - k - 4*k = 5474. Let l = r + 2730. What is the hundreds digit of l?
8
Suppose -p + 5 = 0, 0*i + 4*i - 1107 = 5*p. Let d = 597 - i. Let k = d - 195. What is the tens digit of k?
1
Let n(v) be the first derivative of -7*v**4/2 + 2*v**3 + 5*v**2/2 - 3*v - 46. What is the hundreds digit of n(-3)?
4
Suppose 4748 = -5*q + 231998. What is the hundreds digit of q?
4
Let n be (15 - (-120)/(-10))*-1. Let c(x) = -35*x - 16 - 1 + 0. What is the tens digit of c(n)?
8
Suppose -17*a + 9100 = -31*a. Let i = a + 1591. What is the units digit of i?
1
Let f(v) be the third derivative of 0 + 3*v**2 - 1/8*v**4 + 7/6*v**3 + 0*v + 1/60*v**5. What is the units digit of